 7 divide 18351?
False
Does 118 divide 7434?
True
Does 15 divide 3528?
False
Is 84 a factor of 59168?
False
Is 3320 a multiple of 40?
True
Is 244 a multiple of 4?
True
Does 3 divide 186?
True
Does 16 divide 34069?
False
Is 79242 a multiple of 262?
False
Does 118 divide 2714?
True
Is 5 a factor of 414?
False
Is 37 a factor of 3256?
True
Does 7 divide 14?
True
Is 15 a factor of 101407?
False
Does 56 divide 1466?
False
Does 36 divide 2772?
True
Is 149 even?
False
Is 4 a factor of 256?
True
Is 17 a factor of 45641?
False
Is 5087 a multiple of 8?
False
Is 38 a factor of 11610?
False
Is 1838 a multiple of 52?
False
Is 1824 a multiple of 24?
True
Is 17 a factor of 19941?
True
Is 74 a factor of 814?
True
Does 33 divide 3829?
False
Does 4 divide 2508?
True
Does 4 divide 576?
True
Does 82 divide 492?
True
Is 3717 a multiple of 18?
False
Is 25 a factor of 1500?
True
Is 8 a factor of 6576?
True
Is 6 a factor of 510?
True
Is 9 a factor of 129?
False
Is 42 a factor of 1218?
True
Does 254 divide 110490?
True
Is 153 a multiple of 9?
True
Is 7 a factor of 451?
False
Does 12 divide 23676?
True
Does 10 divide 430?
True
Does 26 divide 182?
True
Is 7828 a multiple of 22?
False
Is 286 a multiple of 3?
False
Does 6 divide 66?
True
Is 680 a multiple of 4?
True
Is 12833 a multiple of 2?
False
Does 58 divide 9164?
True
Is 23 a factor of 23?
True
Is 788 a multiple of 5?
False
Is 91476 a multiple of 21?
True
Is 130 a factor of 11310?
True
Does 129 divide 2400?
False
Is 12 a factor of 28404?
True
Does 26 divide 124?
False
Does 44 divide 13596?
True
Is 99 a multiple of 33?
True
Is 1448 a multiple of 14?
False
Does 10 divide 6236?
False
Does 18 divide 28332?
True
Does 76 divide 1539?
False
Is 94 a factor of 1201?
False
Does 38 divide 1107?
False
Does 3 divide 6601?
False
Is 23267 a multiple of 185?
False
Does 99 divide 47438?
False
Is 4512 a multiple of 139?
False
Is 79 a factor of 66044?
True
Does 7 divide 179?
False
Is 480 a multiple of 8?
True
Is 20860 a multiple of 28?
True
Is 108 a factor of 3514?
False
Does 155 divide 21700?
True
Is 494 a multiple of 58?
False
Does 3 divide 48?
True
Does 28 divide 50883?
False
Is 172 a multiple of 14?
False
Does 2 divide 66?
True
Is 45872 a multiple of 167?
False
Is 910 a multiple of 35?
True
Is 1451 a multiple of 64?
False
Is 58626 a multiple of 118?
False
Does 15 divide 535?
False
Does 36 divide 1995?
False
Is 11 a factor of 149?
False
Does 19 divide 391?
False
Is 15 a factor of 930?
True
Does 6 divide 9492?
True
Is 19008 a multiple of 32?
True
Is 3921 a multiple of 11?
False
Is 365 a multiple of 31?
False
Does 16 divide 2763?
False
Is 23 a factor of 4027?
False
Is 8 a factor of 3214?
False
Is 465 a multiple of 31?
True
Does 49 divide 201967?
False
Does 8 divide 1445?
False
Is 36 a factor of 6830?
False
Is 310 a factor of 8422?
False
Does 25 divide 1018?
False
Is 144 a multiple of 24?
True
Is 2698 a multiple of 19?
True
Is 50960 a multiple of 14?
True
Is 171 a factor of 12888?
False
Is 53 a factor of 477?
True
Is 7 a factor of 2947?
True
Does 8 divide 190?
False
Does 23 divide 26739?
False
Does 10 divide 1721?
False
Is 9 a factor of 327?
False
Is 26 a factor of 4680?
True
Is 2623 a multiple of 4?
False
Does 41 divide 2788?
True
Is 10 a factor of 21567?
False
Is 20204 a multiple of 15?
False
Is 4032 a multiple of 14?
True
Does 86 divide 774?
True
Is 85 a factor of 680?
True
Is 780 a multiple of 21?
False
Is 4976 a multiple of 36?
False
Does 20 divide 65611?
False
Is 24651 a multiple of 249?
True
Does 7 divide 623?
True
Is 8 a factor of 176?
True
Is 9 a factor of 86?
False
Does 12 divide 13572?
True
Is 10 a factor of 1472?
False
Is 104272 a multiple of 56?
True
Does 31 divide 1984?
True
Does 42 divide 100590?
True
Is 33 a factor of 18728?
False
Is 1331 a multiple of 11?
True
Is 11222 a multiple of 47?
False
Is 3304 a multiple of 28?
True
Does 82 divide 5274?
False
Does 2 divide 1646?
True
Does 40 divide 38880?
True
Does 15 divide 2021?
False
Does 61 divide 1708?
True
Is 38 a factor of 7524?
True
Is 652 a multiple of 19?
False
Does 14 divide 116743?
False
Is 54 a multiple of 9?
True
Does 3 divide 207?
True
Is 7 a factor of 24899?
True
Is 7 a factor of 1979?
False
Is 20 a factor of 5460?
True
Is 9971 a multiple of 169?
True
Is 27 a factor of 648?
True
Is 88391 a multiple of 16?
False
Does 10 divide 8954?
False
Does 10 divide 219?
False
Is 21 a factor of 3612?
True
Is 14 a factor of 63?
False
Does 24 divide 2120?
False
Is 22941 a multiple of 150?
False
Is 7 a factor of 61?
False
Is 115 a multiple of 85?
False
Does 40 divide 400?
True
Does 23 divide 878?
False
Is 2 a factor of 58?
True
Is 18 a factor of 70?
False
Is 56 a factor of 70336?
True
Is 167 a multiple of 3?
False
Is 114 a factor of 1824?
True
Is 11 a factor of 7821?
True
Is 25 a factor of 10200?
True
Does 10 divide 40?
True
Is 630 a multiple of 54?
False
Does 6 divide 1674?
True
Does 13 divide 1238?
False
Is 1779 a multiple of 43?
False
Is 9838 a multiple of 7?
False
Is 60 a multiple of 5?
True
Is 192 a multiple of 16?
True
Is 1876 a multiple of 14?
True
Does 29 divide 4032?
False
Does 31 divide 574?
False
Is 1798 a multiple of 41?
False
Does 61 divide 2708?
False
Is 48 a factor of 222?
False
Is 5 a factor of 1680?
True
Is 39440 a multiple of 40?
True
Does 20 divide 1460?
True
Does 29 divide 957?
True
Is 589 a multiple of 19?
True
Does 54 divide 25787?
False
Is 142 a factor of 122065?
False
Is 3871 a multiple of 25?
False
Does 19 divide 817?
True
Is 10 a factor of 8190?
True
Does 20 divide 940?
True
Does 11 divide 35888?
False
Is 18460 a multiple of 52?
True
Is 728 a multiple of 26?
True
Does 10 divide 42270?
True
Is 21 a factor of 4326?
True
Does 13 divide 606?
False
Is 43 a factor of 40107?
False
Is 4654 a multiple of 26?
True
Does 30 divide 3690?
True
Does 5 divide 58758?
False
Does 52 divide 8840?
True
Does 9 divide 468?
True
Does 14 divide 400?
False
Is 111248 a multiple of 108?
False
Does 16 divide 144?
True
Does 128 divide 14208?
True
Is 1299 a multiple of 5?
False
Does 22 divide 2574?
True
Is 12 a factor of 12511?
False
Is 12421 a multiple of 100?
False
Is 5789 a multiple of 148?
False
Is 16944 a multiple of 24?
True
Is 39 a factor of 8931?
True
Is 90 a factor of 2071?
False
Is 14 a factor of 1056?
False
Is 3423 a multiple of 4?
False
Is 5893 a multiple of 83?
True
Does 13 divide 4563?
True
Does 66 divide 330?
True
Is 51 a factor of 17850?
True
Is 121 a factor of 3025?
True
Is 17 a factor of 782?
True
Is 47 a factor of 6952?
False
Is 766 a multiple of 3?
False
Is 295 a factor of 56499?
False
Does 6 divide 1380?
True
Does 85 divide 68680?
True
Is 1163 a multiple of 25?
False
Does 21 divide 302?
False
Is 15 a factor of 720?
True
Is 11 a factor of 638?
True
Is 7 a factor of 5883?
False
Is 131 a factor of 55282?
True
Does 27 divide 1161?
True
Is 50280 a multiple of 15?
True
Is 18 a factor of 76914?
True
Does 10 divide 1171?
False
Is 3 a factor of 5559?
True
Does 25 divide 4650?
True
Is 151 a factor of 1812?
True
Does 99 divide 135729?
True
Is 49 a factor of 1911?
True
Is 109 a factor of 2180?
True
Is 67 a factor of 335?
True
Does 3 divide 39?
True
Is 145 a factor of 4205?
True
Is 16 a factor of 170?
False
Is 24 a factor of 1726?
False
Is 16 a factor of 128234?
False
Is 19 a factor of 9728?
True
Is 36 a factor of 1116?
True
Does 31 divide 80848?
True
Is 156 a factor of 10140?
True
Is 20989 a multiple of 17?
False
Is 1056 a multiple of 24?
True
Does 12 divide 389?
False
Does 17 divide 153?
True
Does 16 divide 576?
True
Is 16 a factor of 29936?
True
Is 5 a factor of 18?
False
Is 3646 a multiple of 2?
True
Does 50 divide 403?
False
Is 70 a factor of 2161?
False
Does 23 divide 8264?
False
Does 43 divide 18928?
False
Is 29219 a multiple of 61?
True
Is 11 a factor of 5463?
False
Is 22 a factor of 7841?
False
Is 14 a factor of 168?
True
Is 28 a factor of 1092?
True
Does 6 divide 368?
False
Does 26 divide 51714?
True
Is 8 a factor of 184?
True
Is 4473 a multiple of 13?
False
Does 4 divide 740?
True
Is 219 a factor of 91980?
True
Is 977 a multiple of 4?
False
Is 3724 a multiple of 14?
True
Does 26 divide 5849?
False
Is 24 a factor of 49338?
False
Does 13 divide 65?
True
Is 368 a multiple of 31?
False
Is 876 a multiple of 16?
False
Is 4 a factor of 115?
False
Is 5 a factor of 8352?